8
What is 1 (base 13) in base 10?
1
-5f (base 16) to base 6
-235
What is -57 (base 15) in base 12?
-6a
What is -1 (base 11) in base 16?
-1
Convert 11111 (base 2) to base 8.
37
-2 (base 7) to base 15
-2
3 (base 8) to base 5
3
-1e (base 15) to base 8
-35
Convert -113 (base 7) to base 10.
-59
-157 (base 9) to base 6
-341
Convert -10 (base 2) to base 12.
-2
Convert 181 (base 10) to base 8.
265
195 (base 13) to base 7
564
Convert 1 (base 9) to base 3.
1
What is -1 (base 10) in base 5?
-1
-6 (base 7) to base 12
-6
Convert -23 (base 7) to base 5.
-32
-8b (base 12) to base 10
-107
Convert 111001 (base 2) to base 10.
57
What is -1 (base 13) in base 5?
-1
Convert -5 (base 10) to base 9.
-5
What is 26 (base 13) in base 9?
35
-1 (base 7) to base 6
-1
-1 (base 15) to base 9
-1
Convert 2120 (base 3) to base 6.
153
What is 181 (base 9) in base 12?
10a
What is -4 (base 6) in base 15?
-4
What is 62 (base 10) in base 13?
4a
-48 (base 14) to base 10
-64
Convert -1a (base 13) to base 14.
-19
-f9 (base 16) to base 2
-11111001
101 (base 2) to base 16
5
Convert 1 (base 15) to base 4.
1
Convert -134 (base 5) to base 4.
-230
What is 159 (base 14) in base 8?
423
Convert -36 (base 14) to base 11.
-44
140 (base 6) to base 4
330
65 (base 15) to base 8
137
1b (base 13) to base 14
1a
What is 1133 (base 5) in base 6?
440
What is 12 (base 7) in base 8?
11
Convert -124 (base 12) to base 7.
-334
What is b6 (base 14) in base 4?
2200
What is 55 (base 9) in base 12?
42
-7 (base 12) to base 5
-12
-1211 (base 3) to base 8
-61
Convert 18 (base 16) to base 2.
11000
Convert 0 (base 4) to base 14.
0
Convert 5 (base 9) to base 5.
10
-5 (base 15) to base 5
-10
What is -11 (base 2) in base 14?
-3
What is -3 (base 6) in base 7?
-3
What is -224 (base 8) in base 15?
-9d
10100 (base 2) to base 11
19
What is 10 (base 2) in base 4?
2
Convert -13 (base 10) to base 4.
-31
-2 (base 12) to base 16
-2
Convert 230 (base 4) to base 10.
44
Convert -1104 (base 6) to base 2.
-100000000
What is 30 (base 5) in base 9?
16
5 (base 10) to base 2
101
11220 (base 3) to base 16
84
What is -84 (base 9) in base 6?
-204
What is -4 (base 13) in base 15?
-4
Convert -1 (base 16) to base 6.
-1
Convert -4 (base 15) to base 13.
-4
-154 (base 11) to base 14
-cc
Convert -133 (base 10) to base 3.
-11221
What is -24 (base 11) in base 13?
-20
Convert -1 (base 7) to base 6.
-1
Convert -4 (base 14) to base 2.
-100
What is -1101 (base 3) in base 5?
-122
Convert -2113 (base 4) to base 5.
-1101
Convert 201 (base 3) to base 14.
15
What is 11 (base 8) in base 5?
14
What is 3 (base 6) in base 2?
11
What is -102 (base 3) in base 5?
-21
Convert -110 (base 2) to base 5.
-11
What is 4 (base 15) in base 6?
4
-132 (base 5) to base 6
-110
-1 (base 11) to base 14
-1
What is -2 (base 13) in base 11?
-2
What is -3 (base 14) in base 8?
-3
What is 2 (base 16) in base 10?
2
Convert -130 (base 11) to base 9.
-181
What is 0 (base 15) in base 2?
0
What is 270 (base 10) in base 16?
10e
1 (base 14) to base 6
1
What is 310 (base 4) in base 9?
57
Convert -25 (base 11) to base 2.
-11011
11 (base 12) to base 8
15
2 (base 16) to base 8
2
-10111 (base 2) to base 15
-18
What is -b (base 16) in base 14?
-b
-5 (base 14) to base 12
-5
Convert d (base 15) to base 7.
16
Convert 31 (base 4) to base 11.
12
15 (base 6) to base 5
21
Convert -2 (base 8) to base 2.
-10
-49 (base 11) to base 13
-41
What is -3 (base 15) in base 14?
-3
-d6 (base 14) to base 10
-188
What is 241 (base 5) in base 2?
1000111
What is -23a (base 11) in base 7?
-555
101 (base 13) to base 9
208
Convert 323 (base 7) to base 11.
13a
30 (base 14) to base 5
132
-1 (base 8) to base 11
-1
What is 10 (base 4) in base 12?
4
-131 (base 5) to base 3
-1112
What is -35 (base 15) in base 4?
-302
Convert 7 (base 11) to base 16.
7
2122 (base 3) to base 2
1000111
66 (base 7) to base 10
48
Convert -22 (base 4) to base 14.
-a
Convert -6 (base 7) to base 13.
-6
Convert 56 (base 12) to base 15.
46
What is 103 (base 4) in base 13?
16
Convert -110 (base 2) to base 3.
-20
Convert -3 (base 15) to base 3.
-10
What is -5 (base 14) in base 16?
-5
What is 4 (base 7) in base 12?
4
What is -2 (base 12) in base 8?
-2
Convert c (base 16) to base 15.
c
What is 111 (base 6) in base 13?
34
-15 (base 6) to base 3
-102
What is 5 (base 9) in base 13?
5
What is 1 (base 11) in base 6?
1
Convert 4 (base 10) to base 2.
100
58 (base 16) to base 13
6a
Convert 5 (base 15) to base 4.
11
13 (base 15) to base 8
22
Convert -2 (base 8) to base 3.
-2
31 (base 9) to base 4
130
What is 0 (base 8) in base 12?
0
What is 47 (base 16) in base 3?
2122
Convert -21 (base 5) to base 6.
-15
What is -19 (base 11) in base 4?
-110
What is 1111001 (base 2) in base 6?
321
Convert 26 (base 10) to base 11.
24
What is 171 (base 9) in base 4?
2101
17 (base 8) to base 14
11
Convert -37 (base 11) to base 6.
-104
Convert 23 (base 6) to base 4.
33
Convert 101 (base 3) to base 8.
12
What is -8 (base 10) in base 9?
-8
What is -162 (base 11) in base 5?
-1224
136 (base 8) to base 15
64
16 (base 10) to base 3
121
What is -11 (base 2) in base 16?
-3
-12 (base 4) to base 15
-6
Convert 1 (base 7) to base 4.
1
What is 38 (base 12) in base 2?
101100
What is 140 (base 5) in base 10?
45
What is -34 (base 10) in base 13?
-28
What is 213 (base 4) in base 6?
103
What is -18 (base 13) in base 3?
-210
What is -7 (base 14) in base 7?
-10
-212 (base 6) to base 12
-68
-11 (base 7) to base 4
-20
-4 (base 11) to base 3
-11
Convert -2 (base 10) to base 13.
-2
What is 1110 (base 5) in base 16?
9b
6 (base 9) to base 14
6
-2 (base 15) to base 8
-2
What is -10 (base 3) in base 4?
-3
What is 1 (base 11) in base 3?
1
What is -2 (base 4) in base 14?
-2
What is -7 (base 10) in base 7?
-10
Convert -41 (base 7) to base 6.
-45
What is 230 (base 10) in base 12?
172
What is 212 (base 6) in base 3?
2222
What is -3011 (base 5) in base 4?
-11331
Convert -100 (base 3) to base 14.
-9
What is -20 (base 8) in base 2?
-10000
-8a (base 15) to base 14
-94
-55 (base 14) to base 13
-5a
-1 (base 13) to base 11
-1
What is 2001 (base 3) in base 9?
61
What is -15 (base 14) in base 15?
-14
Convert -1 (base 7) to base 9.
-1
Convert 12 (base 11) to base 12.
11
Convert -2 (base 9) to base 5.
-2
Convert -18 (base 11) to base 5.
-34
21 (base 16) to base 14
25
-166 (base 8) to base 7
-226
47 (base 15) to base 14
4b
What is 123 (base 4) in base 11?
25
What is 5 (base 6) in base 2?
101
Convert -64 (base 16) to base 9.
-121
What is 11 (base 3) in base 12?
4
Convert -3 (base 6) to base 16.
-3
What is -21 (base 11) in base 8?
-27
Convert 3 (base 6) to base 15.
3
What is -11101 (base 4) in base 8?
-521
2122 (base 4) to base 14
b0
What is -6 (base 11) in base 8?
-6
What is -18 (base 9) in base 7?
-23
What is -b (base 12) in base 16?
-b
Convert 101110 (base 2) to base 11.
42
11 (base 3) to base 14
4
1 (base 15) to base 11
1
What is 13a (base 11) in base 16?
a4
52 (base 13) to base 10
67
Convert -121 (base 5) to base 6.
-100
3 (base 15) to base 12
3
20 (base 3) to base 8
6
What is -2 (base 4) in base 10?
-2
What is 112 (base 3) in base 9?
15
What is 1 (base 14) in base 10?
1
-20 (base 15) to base 13
-24
Convert -b (base 13) to base 8.
-13
0 (base 10) to base 13
0
-2 (base 9) to base 10
-2
Convert -15 (base 14) to base 8.
-23
Convert -11 (base 2) to base 7.
-3
302 (base 6) to base 9
132
0 (base 9) to base 14
0
Convert 11 (base 4) to base 2.
101
Convert -1a (base 12) to base 8.
-26
3 (base 15) to base 10
3
Convert -35 (base 6) to base 11.
-21
Convert 1000011 (base 2) to base 16.
43
Convert 5 (base 13) to base 8.
5
-e8 (base 15) to base 12
-162
What is -2 (base 4) in base 5?
-2
What is 68 (base 10) in base 13?
53
What is -4 (base 8) in base 6?
-4
Convert 12 (base 3) to base 8.
5
-21 (base 5) to base 11
-10
What is -43 (base 9) in base 5?
-124
-122 (base 3) to base 10
-17
What is 81 (base 14) in base 16?
71
9 (base 13) to base 5
14
What is -b (base 12) in base 11?
-10
Convert -11 (base 13) to base 4.
-32
-7 (base 13) to base 10
-7
What is 231 (base 9) in base 13?
118
What is 5 (base 14) in base 13?
5
What is -111 (base 2) in base 13?
-7
2 (base 3) to base 5
2
Convert -21 (base 11) to base 14.
-19
-38 (base 16) to base 7
-110
23 (base 11) to base 10
25
Convert -45 (base 16) to base 12.
-59
0 (base 6) to base 11
0
What is 81 (base 10) in 